 - q*g**3 + 10 - 5 - 5*g**2 - g**2. Calculate x(-6).
-1
Let g be (-1)/(-5) + 282/15 - 4. Suppose 0 = g*s + 14*s + 203. Let x(m) = -m**2 - 8*m - 11. Calculate x(s).
-4
Let y(l) = -l**3 + 11*l**2 - 8*l - 14. Let f be 2/(38/90 - -2*(-20)/180). Give y(f).
6
Let d(y) = y**3 + 4*y**2 - 3*y + 1. Suppose 2*a + 3*a - 20 = 0. Suppose 1913*i - 1908*i - 5 = 0. Suppose -2*h - i = 5*v - 3, a*h + 18 = v. Give d(h).
13
Let d(n) = -n - 2. Let o(c) = 3*c - 27. Let j(f) = -11*f + 109. Let z = 15 - 17. Let u(w) = z*j(w) - 9*o(w). Let h be u(4). Give d(h).
-7
Let q(a) = -146*a**2 - 454*a + 2. Let y be q(-3). Let n(l) = -l**3 + 49*l**2 + 49*l + 50. What is n(y)?
0
Let y be ((-65)/(-4) + -15)/((-2)/(-16)). Suppose -f - 75 = 4*f. Let u = f + y. Let g(r) = -r - 4. Determine g(u).
1
Let k(z) = -2*z**2 - 2*z - 2. Let y be k(-2). Let m(b) = b + 1. Let n be m(y). Let r(d) be the first derivative of d**3/3 + 5*d**2/2 + 5*d + 1423. What is r(n)?
5
Let i(n) = -1. Let y(u) = -u**3 - 5*u**2 - 2. Let h(s) = -3*i(s) + y(s). Suppose 3*k + 21 = 3*r, -r + 17 = k - 4*k. Let a be (-60)/(-75)*(r - 7). Give h(a).
-15
Let a = -66 - -63. Let x(l) be the second derivative of 1/6*l**4 - 15*l - 3/2*l**2 - 1/6*l**3 + 0 + 1/20*l**5. Give x(a).
-9
Let a(c) = 5*c + 8 + 7 + 3 - 14. Let o(b) = -b**2 - 67*b + 522. Let m be o(7). Calculate a(m).
24
Suppose -2*p - 8 = -2*y, -3*p + 4*p = 5*y + 12. Let t(j) = 13*j + 10*j + 10*j + 34 + 7*j - 36*j. Let m be t(p). Let k(a) = 5*a**2 - a - 1. Give k(m).
17
Let x be 2 + (-5)/((-20)/(-16)). Let z(t) be the third derivative of t**5/15 + 5*t**4/24 + 2*t**3/3 + 18*t**2 - 9*t. Give z(x).
10
Let s(c) be the first derivative of c**2/2 - 2*c - 3. Let j be (20/(-80))/(1/(-4)). Let v be (-9 + j)*(-3 + 2). Calculate s(v).
6
Suppose -2*s + 480 = 5*k, -s + 4*s + 113 = k. Let p be 2422/k + 4/14. Let a(l) = -10 - 14 + 3*l**3 - l**2 - 2*l**3 + p. Give a(2).
5
Let u(n) be the second derivative of 1/6*n**3 + 0*n**2 - 18*n + 0 - 1/12*n**4 + 2/5*n**5. Suppose 3*d + 5 = -10, 4*h = 4*d + 24. What is u(h)?
8
Let z = -8 + 4. Let p(t) = 63 + t**2 + t + 79 - 317 + 90 + 73. Calculate p(z).
0
Let o(b) be the second derivative of -b**4/12 + 2*b**3 - 4*b**2 - 31*b + 10. Give o(5).
27
Let n(y) = -10 + 5*y - 1 - 16 - 1. Let r be n(8). Suppose 6*u = -0*u + r. Let d(c) = 2*c**2 + c + 2. Calculate d(u).
12
Let m be ((-1578)/(-12) + -6)*-6. Let w = m - -742. Let z(x) = x - 7. Give z(w).
-18
Let r(l) = -4*l - 4 + 7 - 1 + 1 + 5*l. Calculate r(2).
5
Let i = 432 - 438. Let s(z) = 14*z + 69. Give s(i).
-15
Let j = -1 - -2. Let d(w) be the first derivative of 5*w**2 - 204509. Give d(j).
10
Let w = -85 + 78. Let h(a) = 6*a + 3. Suppose 7*z - 16 = 3*z. Let j(y) = 11*y + 6. Let o(x) = w*h(x) + z*j(x). Give o(-3).
-3
Let d = 2777 - 2783. Let f(t) = -11*t - 70. What is f(d)?
-4
Let z = 40 - 36. Suppose y + 100 = z*k - 0*y, -k + 3*y = -36. Suppose -22 = -5*s + 2*d, 3*s - k = -2*s + 4*d. Let w(o) = -o**3 + 4*o**2 + o + 3. Give w(s).
7
Let n be 10 - 5 - 1*(9 + -4). Let d(m) = -3*m + 3. Calculate d(n).
3
Let o(b) = 13*b - 46. Let h be 9/9*(6 - 12/4). Give o(h).
-7
Suppose 0 = -3*k + 7*k - 64. Suppose -19*q = -k*q - 21. Let h(x) = -4*x**2 + x + 3*x**2 + 0*x - q - x**3. Give h(0).
-7
Let t(y) be the first derivative of -1/3*y**3 - 6*y - 3*y**2 + 160. Suppose -40 = 5*w + 2*a, a + 1 = -4. What is t(w)?
-6
Let r(o) = 2*o**2 + 9*o + 11. Suppose -183 = 36*j + 25*j. What is r(j)?
2
Let u(b) = -2*b**2 + 2*b. Let m be 2/(-3) + (4 - (-71)/3). Suppose 0 = -q - 0*q + m. Suppose -5*g + q = v - 0*v, -g + 15 = 5*v. Determine u(v).
-4
Let f(h) = -7*h**3 - 10*h**2 + 29*h - 8. Let k(b) = 16*b**3 + 19*b**2 - 61*b + 15. Let n(a) = -9*f(a) - 4*k(a). Determine n(13).
-40
Let a(m) be the second derivative of -1/4*m**4 + 0 + 0*m**2 + 2*m**3 + 1/20*m**5 - 15*m. Let d(k) be the second derivative of a(k). Give d(4).
18
Let x(t) = -18 + t - 11*t**2 - t**3 - 18 - 16 + 50. Calculate x(-11).
-13
Let g(s) = 9*s**2 - s + 1. Suppose -7*o = 6*o - 507. Let p = -131 - -93. Let v = p + o. Calculate g(v).
9
Let q(r) = -10*r**2 + 7*r + 4. Let u(x) = 3*x**2 - 2*x - 1. Let d(m) = -2*q(m) - 7*u(m). Suppose 4*v + 64 = 80. Suppose -7*i - 18 = -v. Determine d(i).
-5
Let b(o) = 7 - 2 + 5*o**2 + 3*o**2 - 12214*o + 0 + 12223*o + o**3. Let p = -14 + 7. Let s be p/(1*(0 - -1)). Give b(s).
-9
Let m(b) = b**3 + 5*b**2 + 5*b + 2. Let a(v) = -4*v + 12. Let d be a(-10). Let j = -50 + d. Suppose 5 + 1 = -j*z. Determine m(z).
5
Let w(f) = -38*f + 44. Let o(x) = -29*x + 32. Let b(g) = -9*o(g) + 7*w(g). Calculate b(2).
10
Let x(v) be the third derivative of -v**6/120 + v**5/15 + v**4/4 - v**3 + 2199*v**2. What is x(4)?
18
Let w(z) = 11*z + 23. Let t(y) = -9*y - 22. Let u(o) = -6*t(o) - 5*w(o). Give u(15).
2
Suppose -3*b + 29 = 17. Suppose -b*x + 9 = 1. Let h(p) = 0*p**3 - p**2 + 3*p**3 - 2*p**3 + 5*p**x. Give h(-3).
9
Let q(n) = -9*n - 2. Let u be ((-12)/24)/(3/(-1224)). Let l = u - 205. Give q(l).
7
Let t(w) = 2 + 28 - 16 + 562*w - 561*w. Calculate t(-4).
10
Let q be (-3 - 20/(-12))/(2/(-15)). Let h(g) = -g**3 + 13*g**2 - 29*g - 6. Let l be h(q). Let u(x) = -6*x + x**3 + 2*x + 220 - 227 - l*x**2. Determine u(5).
-2
Let s(b) = -2*b**2 - 2*b + 2. Let w be s(2). Let f(h) = -2030 + 6042 - h - 2000 - 2023. What is f(w)?
-1
Let c(x) = -x**3 + 3*x**2 + x - 3. Let u be c(3). Let z(h) = -1 + 260*h - 255*h - 1. Let i(k) = -k. Let w(g) = -4*i(g) - z(g). Give w(u).
2
Suppose 51*c + 62*c - 85 = 480. Let g(d) be the third derivative of 0*d + 0 - 1/24*d**4 - 17*d**2 + 1/60*d**6 + 0*d**c + 1/3*d**3. What is g(-2)?
-12
Let o(j) = j**2 + 7*j + 2. Let s be 20/6*(399/105 - 5). Determine o(s).
-10
Let p(o) = -2*o**2 + 17*o - 4. Let x(a) = 6*a**2 - 52*a + 12. Let t(y) = 7*p(y) + 2*x(y). Suppose -14665*l + 1274 = -14483*l. What is t(l)?
3
Let d(a) = 4*a - 285. Let v be d(73). Let w(z) = -40*z + 272. Calculate w(v).
-8
Let x(m) = m**3 + 3*m**2 - m - 5. Suppose -6*k + 5*k - 13 = 5*w, 2*k - 3*w = 0. Let t be x(k). Let d(c) = 2*c**2 - 2*c. Give d(t).
12
Let k(o) = 9*o - 47. Let s(u) = 28*u - 181. Let j(t) = 7*k(t) - 2*s(t). What is j(-14)?
-65
Suppose -11 = -7*d + 3. Let v(g) = -4. Let a(u) = 1. Let m(t) = d*v(t) + 7*a(t). Let f(k) = k + 2. Let n(x) = f(x) + 4*m(x). What is n(-3)?
-5
Let b(q) = 430*q - 2141. Let k be b(5). Let j(t) = -6*t - t - 5 + 3*t + t. Determine j(k).
-32
Suppose q = -4*u - 11, 5*u = q + 2*q - 18. Let y be 2*(-1 - -2)/q. Let w(s) = -s**2 - 3 - s**2 + 137*s - 78*s - 55*s. What is w(y)?
-3
Let h(j) = 3*j**3 + j**2 + j. Let k be h(-1). Let l(y) = 2*y**2 - 17854*y + 17856*y + 4*y**2 - 5*y**2 + 4 - y**3. Determine l(k).
34
Let t be (-2)/4 - 1197/(-266). Let x(i) = i**2 - 3. What is x(t)?
13
Let m = 7 - 5. Let c(f) = m*f - 8 - f - 2*f. Let i(y) = y**3 - 21*y**2 - 15*y - 162. Let b be i(22). What is c(b)?
0
Let l(i) = -197*i**2 - 31*i + 88. Let b(t) = 17*t**2 + 3*t - 8. Let x(m) = 23*b(m) + 2*l(m). What is x(2)?
-6
Let u(b) be the first derivative of b**4/2 - 16*b**3/3 - 21*b**2 + 21*b - 2100. Calculate u(10).
1
Suppose -5*d + 6 - 81 = 0. Let j(q) = 2*q**2 + 29*q - 14. Let p be j(d). Let c(l) = 4*l**2 - 2*l + 1. Calculate c(p).
3
Let m(h) = -23*h - 15. Let w(c) = -11*c - 7. Let f(b) = 4*m(b) - 9*w(b). Let s = 9884 - 9886. Give f(s).
-11
Suppose -6*b + 65 = -b - 3*h, -20 = -b + 2*h. Suppose -3*q = -5 - b. Let w(p) be the first derivative of p**3/3 - p**2 + 5*p + 9905. Calculate w(q).
20
Let t(i) = -9 - 6*i**2 + 3 - 5*i**2 + 0*i**3 + i**3. Let z = -46 + -18. Let y = z - -75. Give t(y).
-6
Suppose 3*u - 2*u = -3*t + 20, 0 = 5*u - 2*t - 15. Suppose 1 = 4*a - 2*x - 9, -a + 19 = u*x. Let g(d) = -d**2 + 3*d + 3. Give g(a).
-1
Suppose 3*y = 5*k + 45, -57*y + 2*k = -58*y - 7. Let a(h) = -24*h + 120. Determine a(y).
0
Suppose 0 = -o + 2*o + 5*i - 12, 3*i - 12 = 0. Let f(m) = 121*m**2 - 25*m + 41. Let h(w) = -47*w**2 + 10*w - 16. Let k(n) = 7*f(n) + 18*h(n). What is k(o)?
23
Let v(s) = -s**3 + 8*s**2 - 13*s + 11. Let g(c) = c**3 - 7*c**2 + 14*c - 10. Let o(h) = 2*g(h) + 3*v(h). Determine o(9).
-5
Let c = 716737/24 - 29864. Let s(o) be the third derivative of 0 + 1/120*o**6 - 1/60*o**5 + 0*o**3 + 0*o + 34*o**2 + c*o**4. What is s(2)?
6
Let f(l) = l**3 - 11*l**2 - 10*l - 16. Let v be -2 + 1 - (-18 + -163). Let q be 60/(-70) + v/14. What is f(q)?
8
Let u(i) = -i + 16*i + 5 + 13*i**2 - 9